{"id":259,"date":"2025-03-25T12:50:20","date_gmt":"2025-03-25T11:50:20","guid":{"rendered":"http:\/\/livet.cpge.free.fr\/WATS\/?page_id=259"},"modified":"2025-03-25T12:50:20","modified_gmt":"2025-03-25T11:50:20","slug":"ils-ont-decide-de-poursuivre-leurs-etudes","status":"publish","type":"page","link":"https:\/\/cpge.lyceelivet.net\/WPATS\/?page_id=259","title":{"rendered":"Ils ont d\u00e9cid\u00e9 de poursuivre leurs \u00e9tudes"},"content":{"rendered":"<p style=\"text-align: justify;\"><span style=\"color: #000080;\"><strong>Ouest france du 9 f\u00e9vrier 2010<\/strong><\/span><\/p>\n<p style=\"text-align: justify;\">Ils veulent mettre toutes les chances de r\u00e9ussite de leur c\u00f4t\u00e9. Marc Antoine et Fr\u00e9d\u00e9ric, 21 ans, tenteront donc bient\u00f4t d\u2019entrer en \u00e9cole d\u2019ing\u00e9nieurs, apr\u00e8s un an de classe pr\u00e9paratoire ATS (adapt\u00e9e aux techniciens sup\u00e9rieurs) au lyc\u00e9e Livet, \u00e0 Nantes.<\/p>\n<p style=\"text-align: justify;\"><strong>\u00ab Je me suis d\u00e9couvert en BTS \u00bb<\/strong>, explique Marc Antoine, qui a obtenu un BTS Maintenance industrielle apr\u00e8s son bac STI G\u00e9nie \u00e9lectrotechnique, d\u00e9croch\u00e9 \u00e0 Foug\u00e8res.<\/p>\n<p style=\"text-align: justify;\"><strong>\u00ab J\u2019avais choisi la proximit\u00e9 et une sp\u00e9cialit\u00e9 qui reprenait ma mati\u00e8re pr\u00e9f\u00e9r\u00e9e au lyc\u00e9e : la m\u00e9canique. J\u2019ai suivi l\u2019exemple d\u2019un ami qui avait pr\u00e9par\u00e9 le m\u00eame BTS avant d\u2019int\u00e9grer une \u00e9cole d\u2019ing\u00e9nieurs. Je me suis inscrit en ATS pour renforcer mes bases et tester mes capacit\u00e9s de travail. C\u2019est aussi le parcours suivi par mon maitre de stage de BTS.\u00bb<\/strong><\/p>\n<p style=\"text-align: justify;\">Fr\u00e9d\u00e9ric a obtenu le bac STI g\u00e9nie \u00e9lectrotechnique au lyc\u00e9e Livet, puis un BTS \u00c9lectrotechnique : <strong>\u00ab Je ne suis pas tr\u00e8s travailleur et j\u2019avais fait le choix du BTS pour assurer mes bases. La classe ATS nous a \u00e9t\u00e9 pr\u00e9sent\u00e9e en cours d\u2019ann\u00e9e et les encouragements de mes proches m\u2019ont fait \u00e9voluer: avec un dipl\u00f4me d\u2019ing\u00e9nieur, je peux esp\u00e9rer un meilleur salaire et des perspectives de carri\u00e8re plus importantes. Cela vaut le coup de faire un effort pendant quelques ann\u00e9es! J\u2019ai acquis une certaine maturit\u00e9 en entrant en ATS: la concurrence est l\u00e0 (environ 150 dossiers pour 30 places), tout se joue sur la motivation et les appr\u00e9ciations. Il faut avoir envie. \u00bb<\/strong><\/p>\n<p style=\"text-align: justify;\">Depuis la rentr\u00e9e, les \u00e9tudiants l\u2019ont constat\u00e9 : <strong>\u00ab On progresse sans s\u2019en apercevoir. On se d\u00e9couvre une capacit\u00e9 de travail qu\u2019on ne se connaissait pas. On \u00e9volue dans la fa\u00e7on de penser, de consid\u00e9rer le travail. \u00bb<\/strong><\/p>\n<p style=\"text-align: justify;\">Malgr\u00e9 un emploi du temps charg\u00e9, avec <strong>\u00ab 39 heures de cours et du travail personnel \u00bb,<\/strong> les \u00e9tudiants soulignent <strong>\u00ab la grande solidarit\u00e9 \u00bb<\/strong> dans la classe : \u00ab<strong> On \u00e9change nos savoirs. \u00bb<\/strong><\/p>\n<p style=\"text-align: justify;\">Mais aussi des perspectives encourageantes : <strong>\u00ab Le concours ATS est commun \u00e0 toutes les \u00e9coles, le taux de succ\u00e8s est de 95 % Apr\u00e8s, on fait ses choix selon ses go\u00fbts. De toute fa\u00e7on, on a d\u00e9j\u00e0 un bac+2!\u00bb <\/strong><\/p>\n<p><a href=\"https:\/\/cpge.lyceelivet.net\/WPATS\/wp-content\/uploads\/Article-OF-9-fev-2010.jpg\"><img decoding=\"async\" class=\"alignnone size-full wp-image-256\" title=\"Article OF 9 fev 2010\" src=\"https:\/\/cpge.lyceelivet.net\/WPATS\/wp-content\/uploads\/Article-OF-9-fev-2010.jpg\" alt=\"\" \/><\/a><br \/>\n<strong>Ouest france du 9 f\u00e9vrier 2010<\/strong><\/p>\n<div>\n<p style=\"text-align: center;\"><a href=\"https:\/\/cpge.lyceelivet.net\/WPATS\/?page_id=250\"><img loading=\"lazy\" decoding=\"async\" class=\"alignnone size-full wp-image-457\" title=\"Accueil\" src=\"https:\/\/cpge.lyceelivet.net\/WPATS\/wp-content\/uploads\/Petit-Logo.png\" alt=\"\" width=\"27\" height=\"27\" \/><\/a><\/p>\n<\/div>\n","protected":false},"excerpt":{"rendered":"<p>Ouest france du 9 f\u00e9vrier 2010 Ils veulent mettre toutes les chances de r\u00e9ussite de leur c\u00f4t\u00e9. Marc Antoine et Fr\u00e9d\u00e9ric, 21 ans, tenteront donc bient\u00f4t d\u2019entrer en \u00e9cole d\u2019ing\u00e9nieurs, apr\u00e8s un an de classe pr\u00e9paratoire ATS (adapt\u00e9e aux techniciens &hellip; <a href=\"https:\/\/cpge.lyceelivet.net\/WPATS\/?page_id=259\">Continuer la lecture <span class=\"meta-nav\">&rarr;<\/span><\/a><\/p>\n","protected":false},"author":1,"featured_media":0,"parent":250,"menu_order":19,"comment_status":"closed","ping_status":"open","template":"","meta":{"footnotes":""},"class_list":["post-259","page","type-page","status-publish","hentry"],"_links":{"self":[{"href":"https:\/\/cpge.lyceelivet.net\/WPATS\/index.php?rest_route=\/wp\/v2\/pages\/259","targetHints":{"allow":["GET"]}}],"collection":[{"href":"https:\/\/cpge.lyceelivet.net\/WPATS\/index.php?rest_route=\/wp\/v2\/pages"}],"about":[{"href":"https:\/\/cpge.lyceelivet.net\/WPATS\/index.php?rest_route=\/wp\/v2\/types\/page"}],"author":[{"embeddable":true,"href":"https:\/\/cpge.lyceelivet.net\/WPATS\/index.php?rest_route=\/wp\/v2\/users\/1"}],"replies":[{"embeddable":true,"href":"https:\/\/cpge.lyceelivet.net\/WPATS\/index.php?rest_route=%2Fwp%2Fv2%2Fcomments&post=259"}],"version-history":[{"count":9,"href":"https:\/\/cpge.lyceelivet.net\/WPATS\/index.php?rest_route=\/wp\/v2\/pages\/259\/revisions"}],"predecessor-version":[{"id":1252,"href":"https:\/\/cpge.lyceelivet.net\/WPATS\/index.php?rest_route=\/wp\/v2\/pages\/259\/revisions\/1252"}],"up":[{"embeddable":true,"href":"https:\/\/cpge.lyceelivet.net\/WPATS\/index.php?rest_route=\/wp\/v2\/pages\/250"}],"wp:attachment":[{"href":"https:\/\/cpge.lyceelivet.net\/WPATS\/index.php?rest_route=%2Fwp%2Fv2%2Fmedia&parent=259"}],"curies":[{"name":"wp","href":"https:\/\/api.w.org\/{rel}","templated":true}]}}

Ils ont décidé de poursuivre leurs études

<p style="text-align: justify;"><span style="color: #000080;"><strong>Ouest france du 9 février 2010</strong></span></p>
<p style="text-align: justify;">Ils veulent mettre toutes les chances de réussite de leur côté. Marc Antoine et Frédéric, 21 ans, tenteront donc bientôt d’entrer en école d’ingénieurs, après un an de classe préparatoire ATS (adaptée aux techniciens supérieurs) au lycée Livet, à Nantes.</p>
<p style="text-align: justify;"><strong>« Je me suis découvert en BTS »</strong>, explique Marc Antoine, qui a obtenu un BTS Maintenance industrielle après son bac STI Génie électrotechnique, décroché à Fougères.</p>
<p style="text-align: justify;"><strong>« J’avais choisi la proximité et une spécialité qui reprenait ma matière préférée au lycée : la mécanique. J’ai suivi l’exemple d’un ami qui avait préparé le même BTS avant d’intégrer une école d’ingénieurs. Je me suis inscrit en ATS pour renforcer mes bases et tester mes capacités de travail. C’est aussi le parcours suivi par mon maitre de stage de BTS.»</strong></p>
<p style="text-align: justify;">Frédéric a obtenu le bac STI génie électrotechnique au lycée Livet, puis un BTS Électrotechnique : <strong>« Je ne suis pas très travailleur et j’avais fait le choix du BTS pour assurer mes bases. La classe ATS nous a été présentée en cours d’année et les encouragements de mes proches m’ont fait évoluer: avec un diplôme d’ingénieur, je peux espérer un meilleur salaire et des perspectives de carrière plus importantes. Cela vaut le coup de faire un effort pendant quelques années! J’ai acquis une certaine maturité en entrant en ATS: la concurrence est là (environ 150 dossiers pour 30 places), tout se joue sur la motivation et les appréciations. Il faut avoir envie. »</strong></p>
<p style="text-align: justify;">Depuis la rentrée, les étudiants l’ont constaté : <strong>« On progresse sans s’en apercevoir. On se découvre une capacité de travail qu’on ne se connaissait pas. On évolue dans la façon de penser, de considérer le travail. »</strong></p>
<p style="text-align: justify;">Malgré un emploi du temps chargé, avec <strong>« 39 heures de cours et du travail personnel »,</strong> les étudiants soulignent <strong>« la grande solidarité »</strong> dans la classe : «<strong> On échange nos savoirs. »</strong></p>
<p style="text-align: justify;">Mais aussi des perspectives encourageantes : <strong>« Le concours ATS est commun à toutes les écoles, le taux de succès est de 95 % Après, on fait ses choix selon ses goûts. De toute façon, on a déjà un bac+2!» </strong></p>
<p><a href="https://cpge.lyceelivet.net/WPATS/wp-content/uploads/Article-OF-9-fev-2010.jpg"><img decoding="async" class="alignnone size-full wp-image-256" title="Article OF 9 fev 2010" src="https://cpge.lyceelivet.net/WPATS/wp-content/uploads/Article-OF-9-fev-2010.jpg" alt="" /></a><br />
<strong>Ouest france du 9 février 2010</strong></p>
<div>
<p style="text-align: center;"><a href="https://cpge.lyceelivet.net/WPATS/?page_id=250"><img loading="lazy" decoding="async" class="alignnone size-full wp-image-457" title="Accueil" src="https://cpge.lyceelivet.net/WPATS/wp-content/uploads/Petit-Logo.png" alt="" width="27" height="27" /></a></p>
</div>

<p>Ouest france du 9 février 2010 Ils veulent mettre toutes les chances de réussite de leur côté. Marc Antoine et Frédéric, 21 ans, tenteront donc bientôt d’entrer en école d’ingénieurs, après un an de classe préparatoire ATS (adaptée aux techniciens &hellip; <a href="https://cpge.lyceelivet.net/WPATS/?page_id=259">Continuer la lecture <span class="meta-nav">&rarr;</span></a></p>
